n 1782 is divided by 1752.
30
Calculate the remainder when 366334 is divided by 72.
70
What is the remainder when 11966 is divided by 376?
310
Calculate the remainder when 7445 is divided by 462.
53
Calculate the remainder when 4173 is divided by 827.
38
What is the remainder when 210 is divided by 47?
22
Calculate the remainder when 77084 is divided by 73.
69
What is the remainder when 1737 is divided by 715?
307
Calculate the remainder when 237118 is divided by 416.
414
What is the remainder when 84038 is divided by 764?
762
Calculate the remainder when 99370 is divided by 294.
292
Calculate the remainder when 18464 is divided by 81.
77
What is the remainder when 2889 is divided by 67?
8
What is the remainder when 25216 is divided by 240?
16
Calculate the remainder when 7064 is divided by 7003.
61
Calculate the remainder when 1678334 is divided by 149.
147
What is the remainder when 16270 is divided by 6?
4
Calculate the remainder when 1716 is divided by 911.
805
Calculate the remainder when 13314 is divided by 526.
164
What is the remainder when 1683011 is divided by 1668?
1667
Calculate the remainder when 43623 is divided by 1401.
192
Calculate the remainder when 75317 is divided by 9.
5
Calculate the remainder when 55505 is divided by 18468.
101
What is the remainder when 49448 is divided by 2?
0
What is the remainder when 5024 is divided by 41?
22
What is the remainder when 2772 is divided by 1107?
558
Calculate the remainder when 254663 is divided by 446.
443
What is the remainder when 8781 is divided by 157?
146
Calculate the remainder when 189507 is divided by 22.
21
What is the remainder when 4187 is divided by 192?
155
Calculate the remainder when 16703 is divided by 16678.
25
Calculate the remainder when 32683 is divided by 582.
91
Calculate the remainder when 46466 is divided by 23113.
240
What is the remainder when 16169 is divided by 31?
18
What is the remainder when 109 is divided by 56?
53
Calculate the remainder when 4626 is divided by 142.
82
Calculate the remainder when 1270511 is divided by 2501.
3
Calculate the remainder when 45309 is divided by 7.
5
What is the remainder when 68659 is divided by 301?
31
Calculate the remainder when 526 is divided by 6.
4
Calculate the remainder when 4166 is divided by 146.
78
What is the remainder when 22720 is divided by 17?
8
What is the remainder when 15872 is divided by 137?
117
Calculate the remainder when 3607 is divided by 1176.
79
Calculate the remainder when 86656 is divided by 4.
0
Calculate the remainder when 62302 is divided by 2148.
10
Calculate the remainder when 6082 is divided by 152.
2
What is the remainder when 7587 is divided by 2723?
2141
What is the remainder when 57434 is divided by 98?
6
Calculate the remainder when 284253 is divided by 72.
69
Calculate the remainder when 872 is divided by 220.
212
Calculate the remainder when 494 is divided by 70.
4
What is the remainder when 112968 is divided by 1076?
1064
Calculate the remainder when 33805 is divided by 91.
44
Calculate the remainder when 113731 is divided by 12.
7
Calculate the remainder when 9546 is divided by 1559.
192
Calculate the remainder when 12150 is divided by 65.
60
Calculate the remainder when 2768 is divided by 153.
14
Calculate the remainder when 35189 is divided by 5.
4
What is the remainder when 3614 is divided by 3?
2
What is the remainder when 744 is divided by 23?
8
Calculate the remainder when 658 is divided by 112.
98
What is the remainder when 1849 is divided by 910?
29
What is the remainder when 28660 is divided by 28575?
85
What is the remainder when 8524 is divided by 144?
28
Calculate the remainder when 61941 is divided by 6842.
363
Calculate the remainder when 8917 is divided by 814.
777
What is the remainder when 2206 is divided by 715?
61
Calculate the remainder when 1396 is divided by 621.
154
What is the remainder when 60354 is divided by 3768?
66
What is the remainder when 1830 is divided by 12?
6
Calculate the remainder when 19448 is divided by 1516.
1256
What is the remainder when 23110 is divided by 275?
10
What is the remainder when 86696 is divided by 6668?
12
What is the remainder when 12278272 is divided by 461?
459
Calculate the remainder when 14128 is divided by 3489.
172
What is the remainder when 13449 is divided by 120?
9
Calculate the remainder when 55927 is divided by 259.
242
What is the remainder when 612 is divided by 273?
66
Calculate the remainder when 1874 is divided by 16.
2
What is the remainder when 4145 is divided by 77?
64
Calculate the remainder when 400809 is divided by 86.
49
What is the remainder when 594 is divided by 276?
42
Calculate the remainder when 263467 is divided by 114.
13
What is the remainder when 3234 is divided by 23?
14
Calculate the remainder when 64433 is divided by 36.
29
What is the remainder when 187381 is divided by 243?
28
What is the remainder when 56184 is divided by 8021?
37
Calculate the remainder when 165035 is divided by 285.
20
Calculate the remainder when 852092 is divided by 336.
332
Calculate the remainder when 3557 is divided by 7.
1
What is the remainder when 60633 is divided by 632?
593
Calculate the remainder when 114131 is divided by 46.
5
Calculate the remainder when 210176 is divided by 81.
62
What is the remainder when 94977 is divided by 47482?
13
Calculate the remainder when 1172 is divided by 108.
92
What is the remainder when 87138 is divided by 310?
28
Calculate the remainder when 4284587 is divided by 21.
20
What is the remainder when 17103 is divided by 119?
86
What is the remainder when 1030 is divided by 162?
58
What is the remainder when 446792 is divided by 84?
80
What is the remainder when 326 is divided by 13?
1
What is the remainder when 8166 is divided by 7972?
194
What is the remainder when 27372 is divided by 148?
140
What is the remainder when 448 is divided by 222?
4
Calculate the remainder when 24738 is divided by 1648.
18
Calculate the remainder when 55386 is divided by 27692.
2
Calculate the remainder when 57083 is divided by 195.
143
What is the remainder when 72261 is divided by 26?
7
What is the remainder when 31738 is divided by 92?
90
Calculate the remainder when 25356 is divided by 325.
6
Calculate the remainder when 19354 is divided by 669.
622
Calculate the remainder when 7334 is divided by 432.
422
What is the remainder when 56740 is divided by 420?
40
Calculate the remainder when 476 is divided by 38.
20
What is the remainder when 1018 is divided by 222?
130
Calculate the remainder when 78294 is divided by 15.
9
Calculate the remainder when 70996 is divided by 6454.
2
What is the remainder when 10606 is divided by 2118?
16
Calculate the remainder when 4263 is divided by 833.
98
Calculate the remainder when 73477 is divided by 926.
323
Calculate the remainder when 2730 is divided by 795.
345
Calculate the remainder when 8252 is divided by 3326.
1600
What is the remainder when 4318 is divided by 40?
38
Calculate the remainder when 7045 is divided by 893.
794
Calculate the remainder when 935 is divided by 670.
265
Calculate the remainder when 12232 is divided by 54.
28
What is the remainder when 42615 is divided by 76?
55
What is the remainder when 3992 is divided by 308?
296
What is the remainder when 404963 is divided by 55?
53
What is the remainder when 1647 is divided by 31?
4
What is the remainder when 11904 is divided by 5947?
10
What is the remainder when 41698 is divided by 369?
1
What is the remainder when 3070 is divided by 2917?
153
Calculate the remainder when 42988 is divided by 1718.
38
Calculate the remainder when 9194 is divided by 542.
522
Calculate the remainder when 63484 is divided by 57.
43
Calculate the remainder when 225653 is divided by 286.
285
Calculate the remainder when 62716 is divided by 81.
22
What is the remainder when 6252227 is divided by 36?
35
What is the remainder when 592702 is divided by 576?
574
What is the remainder when 122099 is divided by 288?
275
What is the remainder when 8904 is divided by 73?
71
Calculate the remainder when 4694 is divided by 523.
510
What is the remainder when 7227 is divided by 278?
277
What is the remainder when 61645 is divided by 3?
1
What is the remainder when 1054 is divided by 173?
16
What is the remainder 